001001111001110011
What is -35a1a (base 12) in base 14?
-1c4d0
Convert -1200000121 (base 3) to base 9.
-50017
What is 11632322 (base 8) in base 13?
6bc692
Convert -113201202 (base 5) to base 13.
-15380b
-10221210212 (base 3) to base 10
-77864
What is -82c011 (base 15) in base 14?
-b7b82a
-115534331 (base 6) to base 4
-20202002233
Convert -2044420 (base 6) to base 8.
-302274
Convert -53847 (base 16) to base 4.
-1103201013
Convert -6020152 (base 8) to base 10.
-1581162
What is -965574 (base 10) in base 7?
-11131041
Convert -82036 (base 9) to base 4.
-31023123
What is -11101000100100011 (base 2) in base 6?
-2315135
Convert 3332112003 (base 4) to base 16.
fe583
What is -174556 (base 12) in base 10?
-401682
What is 70522c (base 14) in base 7?
44056155
12713 (base 10) to base 15
3b78
-112202021 (base 3) to base 13
-4b82
Convert 133022 (base 6) to base 4.
3000212
What is 1011011220122 (base 3) in base 5?
124120004
What is -1302245 (base 8) in base 12?
-155345
Convert -210222001000 (base 3) to base 9.
-728030
Convert 65392 (base 13) to base 8.
545301
What is -92da90 (base 15) in base 5?
-3241410020
What is 1101110100110110111000 (base 2) in base 5?
1411440001
-737132 (base 12) to base 8
-6733366
Convert -c618a (base 16) to base 6.
-25220254
Convert -31023342 (base 5) to base 10.
-251722
Convert -8740650 (base 9) to base 10.
-4691646
What is 641207 (base 13) in base 8?
10743140
What is -224504521 (base 6) in base 5?
-2030130130
Convert -11544102 (base 6) to base 9.
-625612
Convert -10111000100000110110101 (base 2) to base 11.
-345a605
Convert 8283c2 (base 13) to base 8.
13474513
What is 286c674 (base 13) in base 8?
60724421
-4f0c9 (base 16) to base 2
-1001111000011001001
Convert -12a6b38 (base 12) to base 3.
-20222010120022
Convert 50033 (base 8) to base 15.
6122
Convert 2941828 (base 10) to base 7.
34001521
2211201222021 (base 3) to base 8
5606104
Convert -100111011111100010 (base 2) to base 9.
-265805
What is 61413 (base 13) in base 6?
3422423
What is -8341185 (base 9) in base 12?
-15aa712
What is -a1cb (base 16) in base 11?
-29134
What is -69975 (base 10) in base 5?
-4214400
What is 1507a6 (base 14) in base 11?
45a58a
-150285 (base 11) to base 4
-321101133
2334476 (base 8) to base 10
637246
Convert -211453 (base 6) to base 14.
-63d7
-16676 (base 12) to base 13
-11790
Convert -4171a (base 11) to base 5.
-3421023
What is 170147 (base 9) in base 8?
315214
-12451 (base 15) to base 2
-1110001111101111
What is -1031840 (base 9) in base 7?
-4460616
-43445130 (base 6) to base 7
-14011506
Convert -10011201000212 (base 3) to base 13.
-470aaa
Convert 1e784 (base 15) to base 14.
28406
-31010330112 (base 4) to base 2
-1101000100111100010110
What is -367528 (base 10) in base 8?
-1315650
What is 222320001 (base 4) in base 6?
3433013
What is -26065 (base 15) in base 10?
-121595
Convert -46557 (base 11) to base 13.
-24797
a93a49 (base 12) to base 16
28eb19
-420420002 (base 5) to base 13
-488765
Convert 200201011101101 (base 3) to base 16.
97b847
Convert 53345 (base 9) to base 3.
1210101112
What is 747226 (base 8) in base 13?
8973b
Convert 3387815 (base 9) to base 5.
432022343
20774876 (base 9) to base 16
990729
Convert 3565460 (base 8) to base 15.
144a5c
Convert -40b13f (base 16) to base 15.
-58b304
1936b5 (base 13) to base 12
26813b
Convert -1b77638 (base 12) to base 16.
-59bdcc
What is -3857734 (base 9) in base 16?
-201f85
What is 121011102111 (base 3) in base 2?
1001101101011001010
-bb5631 (base 12) to base 4
-23112101011
-101110000111111001101 (base 2) to base 6
-52221033
2114331200 (base 5) to base 3
22101000210000
Convert 6256276 (base 9) to base 16.
33071a
-2133303042 (base 5) to base 6
-242200133
Convert 195642 (base 12) to base 13.
127727
Convert 858576 (base 10) to base 8.
3214720
1039975 (base 10) to base 13
2a5491
33133212120 (base 4) to base 2
1111011111100110011000
Convert -a24098 (base 12) to base 14.
-4a06d6
36762 (base 11) to base 13
1b075
What is -28473a8 (base 12) in base 15?
-a9294e
What is -88711f (base 16) in base 5?
-4242114410
What is 10101001101101110110001 (base 2) in base 16?
54dbb1
What is -1832a (base 16) in base 12?
-49436
What is 1524b (base 12) in base 13?
106b5
What is -314242 (base 9) in base 14?
-4c128
110031231 (base 4) to base 15
197ec
Convert -363166 (base 8) to base 11.
-85623
What is -13359 (base 14) in base 16?
-b8d3
What is -201011212201 (base 3) in base 11?
-238712
7326da (base 14) to base 15
51b9ec
Convert -13211212001 (base 4) to base 9.
-3661342
-13020322 (base 4) to base 14
-a92a
Convert -1101010101100101010110 (base 2) to base 8.
-15254526
a51c79 (base 14) to base 15
752018
b455e (base 16) to base 9
1345216
What is 5d120 (base 14) in base 9?
376646
2325424 (base 7) to base 14
78814
What is 7903c2 (base 14) in base 5?
2023030040
11043344 (base 5) to base 8
274724
What is 3849aa (base 13) in base 14?
27301a
22462553 (base 7) to base 5
1000334422
Convert -592107 (base 10) to base 6.
-20405123
-1a1356 (base 14) to base 15
-1342cc
Convert 28446 (base 12) to base 6.
1110530
Convert 2231a (base 13) to base 15.
135b6
Convert -233645510 (base 7) to base 11.
-8190238
Convert -10100011010111000 (base 2) to base 3.
-11020201210
Convert 2558488 (base 11) to base 10.
4432810
8b743 (base 14) to base 9
565843
What is -5233144 (base 6) in base 8?
-756770
30001120 (base 7) to base 12
9b1bb7
What is 3030010202 (base 4) in base 7?
10050644
What is -5626053 (base 8) in base 5?
-342044020
-114a3e (base 15) to base 8
-3114721
What is -10011010000100111 (base 2) in base 10?
-78887
-1010001010010100000001 (base 2) to base 15
-37938b
What is -1000011101001100 (base 2) in base 8?
-103514
What is -1111011110000010 (base 2) in base 14?
-1913c
372782 (base 13) to base 15
1b0e5e
-10222022001 (base 3) to base 4
-103012030
What is 100101011101111100000 (base 2) in base 8?
4535740
Convert 2eb7e9 (base 15) to base 4.
20221110303
11011001110001101 (base 2) to base 6
2220113
2304214 (base 5) to base 9
62440
4066544 (base 7) to base 10
487337
27523411 (base 8) to base 13
1392600
2435531 (base 6) to base 14
3531d
14857731 (base 9) to base 6
423010044
-12bb80 (base 14) to base 16
-9dfc4
Convert 46167 (base 8) to base 2.
100110001110111
What is -360675 (base 8) in base 16?
-1e1bd
What is 1525215 (base 6) in base 2?
10101110011001011
-261035 (base 8) to base 6
-1535405
What is 1006ce (base 16) in base 8?
4003316
Convert 112001343 (base 5) to base 14.
d0423
1133002022 (base 4) to base 8
1370212
What is -11033131130 (base 4) in base 5?
-322432134
-211414 (base 7) to base 13
-13849
1214124102 (base 5) to base 9
5368431
What is 41943 (base 16) in base 4?
1001211003
What is 4b89051 (base 12) in base 16?
e2c8fd
Convert 166974 (base 11) to base 12.
105405
What is -14780a (base 15) in base 9?
-1764301
Convert -101311201001 (base 4) to base 10.
-4675649
Convert -202022202100 (base 3) to base 6.
-12324013
14202625 (base 7) to base 15
1b3a87
What is -49146 (base 11) in base 14?
-1bab0
Convert -45404 (base 8) to base 14.
-6dda
-156564 (base 8) to base 13
-1ca5c
What is -158437 (base 11) in base 13?
-87931
What is -111021201120121 (base 3) in base 7?
-114005245
What is -512445 (base 13) in base 8?
-7153551
Convert c5481 (base 14) to base 2.
1110100000111011001
21221022211201 (base 3) to base 16
405eef
-20211221 (base 3) to base 14
-1b69
41d7c (base 15) to base 12
a0a99
-1500034 (base 7) to base 16
-313ed
-31125c (base 14) to base 8
-6240502
-2628aa3 (base 12) to base 13
-17348a6
Convert 1100130022 (base 4) to base 13.
b6c7a
-1115464 (base 9) to base 13
-18078a
Convert -107200 (base 9) to base 4.
-33230322
-10332115 (base 6) to base 13
-aa03c
What is -2976b6 (base 14) in base 12?
-596554
What is -10360636 (base 7) in base 2?
-11011000111101110011
-10311220312 (base 4) to base 11
-796970
101011010110001 (base 2) to base 12
10a15
-132234344 (base 7) to base 5
-4134404341
Convert 10344104 (base 6) to base 7.
2425621
8172731 (base 9) to base 12
1562391
Convert -278556 (base 12) to base 5.
-132014201
-7c86e (base 15) to base 10
-396779
What is c073c (base 14) in base 5?
104244133
-101213311230 (base 4) to base 8
-21476554
-54313522 (base 6) to base 2
-110001001011111111010
433313424 (base 6) to base 12
2705874
Convert -17004 (base 13) to base 4.
-22232220
121180 (base 10) t